e factors of c.
3
Let p(g) = 7*g + 4. Let j be p(6). Suppose -3*u - u + 3*f = -70, 2*u + 4*f - j = 0. List the prime factors of u.
19
List the prime factors of (6 - 1)*2/5.
2
Let p be 2/(-5) + (-64)/40. Let c be p/(-6) + 51/9. Suppose 3*l - 6 = c. What are the prime factors of l?
2
Suppose 0 = -5*s + 3*s + 3*q + 59, 0 = 5*s + 4*q - 113. Let a be 2/(-5) + 1210/s. Suppose -2*k - a = -6*k. List the prime factors of k.
2, 3
Let i = -3 + 1. List the prime factors of (-7)/2*i + -1.
2, 3
Suppose 3 = -o + 2. Suppose -8 = 4*z - 8*z. What are the prime factors of (-3)/o + 24/z?
3, 5
What are the prime factors of 3*(-7)/((-42)/92)*1?
2, 23
Let w(h) = h**3 - 9*h**2 - 12*h - 9. Let i(j) = j - 1. Let o(b) = -3*i(b) - w(b). What are the prime factors of o(10)?
2
Let g(x) = -x**2 - 9*x - 3. Let u be g(-8). Suppose -b = -y - 3*y - 32, 2*b - 64 = u*y. What are the prime factors of b?
2
Let m = -2 - 4. List the prime factors of (-9)/2*16/m.
2, 3
Let f = -50 - -76. Let w = 38 - f. What are the prime factors of w?
2, 3
Suppose 4*r - 2*l = 8, 4*r + 5*l - 32 = l. Let c = r - 5. Let g = 12 + c. What are the prime factors of g?
11
Let x(c) = c + 9. Let u be x(-7). Let d be -7 - -45 - (-6)/u. Let p = -19 + d. List the prime factors of p.
2, 11
Suppose 3*o - 76 = -22. What are the prime factors of o?
2, 3
Suppose 20 = -5*j, 2*j - 550 = -5*l + 7*j. What are the prime factors of l?
2, 53
Let v(d) = -d - 6. Let w be v(-7). What are the prime factors of 78/12*(w + 1)?
13
What are the prime factors of (1/1)/(-5 + 1061/212)?
2, 53
Let u = -7 - -9. List the prime factors of u.
2
Let i(n) be the first derivative of 2*n**3/3 + 7*n**2/2 + 6*n + 1. Let g be i(-6). Suppose 0 = 4*q + 2*c - g, q + 11 = 4*c + 2. List the prime factors of q.
7
Suppose -2*y + 4*y - 40 = 0. Let r = 34 - y. What are the prime factors of r?
2, 7
List the prime factors of (6/12)/((-2)/(-132)).
3, 11
Suppose -3*j - 6 = g, 5*g + 4*j - 8*j = -11. Let x(s) = s**2 - 2*s + 1. Let m be x(g). Suppose -3*k = -55 + m. List the prime factors of k.
13
Let g = -30 + 59. List the prime factors of g.
29
Let v = 277 - 163. What are the prime factors of v?
2, 3, 19
Let r be 43 - (2 - (-2 - -4)). Suppose u - r = -17. Suppose 4*b + v = 36, 2*b - 3*b + u = -4*v. List the prime factors of b.
2, 5
Suppose -7*c + 3*c = -12. Let b = 4 - c. Let l = b - -1. What are the prime factors of l?
2
Let m = 123 + -6. List the prime factors of m.
3, 13
Let b be -5*(2 - 26/5). Suppose 10 = 4*r - 5*o, 4*r - 2*o = -0*o + b. What are the prime factors of r?
5
Suppose 3*q + 6 + 0 = 0. List the prime factors of 21/1 + (q - 1).
2, 3
Suppose 2*c - 123 = 3*d - 0*c, 0 = -5*d - c - 192. What are the prime factors of (0 - -36) + d/13?
3, 11
Let s(t) = -t**3 - 2*t**2 - 2. Let k = -1 + -1. Let v be s(k). List the prime factors of (-6)/(7/v - -2).
2
Let s = 78 + -54. List the prime factors of s.
2, 3
Let g(b) = b**3 + 6*b**2 + 6*b + 7. Let t be g(-5). Let m be 2/5 + (-118)/(-5). Let j = m - t. What are the prime factors of j?
2, 11
Suppose -2*i - i - 90 = 0. Let z = i - -92. What are the prime factors of z?
2, 31
Suppose -f - 68 = -5*f. Let c(a) = -a + 24. What are the prime factors of c(f)?
7
Let x(b) = -14*b - 15. List the prime factors of x(-4).
41
Let s(u) = 4*u + 4. Let i be s(-5). Let f be (-78)/(-4)*i/(-12). Suppose -5*o + 4*a + f + 22 = 0, 2*o - 2*a - 20 = 0. List the prime factors of o.
2
Let s(a) be the second derivative of -a**5/60 - a**4/8 + a**3/2 + 2*a. Let x(t) be the second derivative of s(t). List the prime factors of x(-5).
7
Suppose 0 = -2*l - 2*s + 9 + 15, -44 = -4*l - 3*s. List the prime factors of l.
2
Let f be 3/2*4/3. Suppose 0 = f*n + 4*l + 78, -85 = n - 5*l - 25. What are the prime factors of (n/10)/(1/(-2))?
3
Let l(i) = -10*i + 3. List the prime factors of l(-6).
3, 7
Let d = 12 + -5. Let o(x) = x**3 + 5*x**2 + 4. Let v be o(-5). Suppose -2*h - 4*n = -17 - d, v*h - 3*n - 48 = 0. What are the prime factors of h?
2, 3
Let d = 154 - 113. What are the prime factors of d?
41
Suppose 0*q - q = 0. Suppose -3*c = -q*r + r - 3, 0 = r + 2*c - 5. What are the prime factors of r?
3
Let m(y) = y**3 + 12*y**2 + 11*y + 10. Let j be (22/8)/((-2)/8). List the prime factors of m(j).
2, 5
Suppose -3*t - 5 - 1 = 0. Let c be (2 - t/(-2)) + 2. Suppose -c - 6 = -3*j. List the prime factors of j.
3
Let m(q) = -4 - 3*q**3 + 3*q**3 - 2*q + q**3 + 5*q**2 - 2*q**3. What are the prime factors of m(4)?
2
Suppose -67 - 18 = -a. Suppose a + 59 = 3*p. List the prime factors of p.
2, 3
Suppose -3*u + 590 = 4*w, -5*w + 220 - 5 = u. List the prime factors of u.
2, 5, 19
Suppose -7*o = -11*o + 48. What are the prime factors of o?
2, 3
Let o = -17 - -26. Let t be (0 + o)/(-3 - -2). Let s = -5 - t. List the prime factors of s.
2
Let p(r) = r + 3. Let g be 1 - 0/(6/(-3)). Let l be g/4 + (-38)/(-8). What are the prime factors of p(l)?
2
Let t(h) = 7*h - 2*h**2 + 1 + 2*h**2 - h**2. Let c(q) = 2*q**2 - 5*q + 3. Let d be c(3). What are the prime factors of t(d)?
7
Let n be 2*3/6 - -1. List the prime factors of (36/n)/(16/8).
3
Let o(l) = -7*l - 15. What are the prime factors of o(-7)?
2, 17
Let v(m) = 11*m**3 - m**2 + m - 1. Let d be v(1). Suppose -6*t - d = -t. List the prime factors of ((-13)/2)/(t/4).
13
What are the prime factors of 21/(-2)*(-4)/6?
7
Suppose -3*u = -0*u - 3. Let k(v) = 11*v + 1. Let h be k(u). What are the prime factors of -18*(-3)/h*2?
3
Suppose -q + 115 = 4*q. List the prime factors of q.
23
Let y = 190 + -95. What are the prime factors of y?
5, 19
Let a(i) = -3*i**3 + 6*i**2 + 5*i + 2. Let n(l) = -l**3 + 1. Let o(f) = a(f) - 4*n(f). What are the prime factors of o(-4)?
2, 5
Suppose 4 = -2*s + 4*s. List the prime factors of (11/s)/((-6)/(-12)).
11
Let t(u) = u - 12. Let k be t(10). Let b = k + 26. What are the prime factors of b?
2, 3
Let o(n) = n**2 - 11*n + 8. What are the prime factors of o(14)?
2, 5
List the prime factors of (3 - 4)/((-1)/39).
3, 13
Let i(o) = -5*o**3 - o**2 + 3. What are the prime factors of i(-2)?
3, 13
What are the prime factors of (-2)/24*-4 + 250/6?
2, 3, 7
Let f be (-40)/18 + (-10)/(-45). List the prime factors of 0/f - (1 - 3).
2
Suppose 4*z - 5*r - 232 = 0, 3*z + 4*r - 10 = 195. List the prime factors of z.
3, 7
Let m(s) = -9*s + 1. Let b(v) = -9*v + 1. Let a(w) = 2*b(w) - 3*m(w). Let x = -4 - -5. List the prime factors of a(x).
2
Let d be 4/(-2) + (5 - 11). Let o = 12 + d. List the prime factors of o.
2
Suppose 0 = -2*w + 14 - 2. List the prime factors of w/(-4)*-2 - -24.
3
Suppose -h + 210 = 3*p - 10, 5*p - 372 = -3*h. What are the prime factors of p?
2, 3
Suppose -4*l - 54 - 6 = 0. Let h = 20 - l. What are the prime factors of h?
5, 7
Let n(g) = g**3 - 6*g**2 + 7*g - 6. Suppose -3*b + 6 = 3*k, 5*k - 3*b = -5 - 9. Let v be (1 - (-2)/k)*-5. List the prime factors of n(v).
2
Let n be (-75)/(-20) - (-1)/4. List the prime factors of 37/4 - 1/n.
3
Let r(k) = -k**3 + 12*k**2 - 10*k + 12. Let d = -25 - -36. What are the prime factors of r(d)?
23
Let s(p) = p**2 - 16*p + 3. List the prime factors of s(25).
2, 3, 19
Let l(f) = f**2 - 4*f - 8. Let u be 37/6 + 4/(-24). What are the prime factors of l(u)?
2
Suppose 2 + 2 = 2*x. Suppose x*a - 28 - 74 = 0. List the prime factors of a.
3, 17
Suppose -2*h = 5*d + 14, 0 = -3*h - 0*h - d - 8. Let y(b) = -b + 1. Let q be y(h). Suppose 0*n + 28 = 5*k - q*n, k - 20 = -3*n. What are the prime factors of k?
2
Suppose -z - 2*f = -7*f - 37, -2*z = 2*f - 38. Let s = 57 - z. List the prime factors of s.
5, 7
Let v = -18 - 4. Suppose 3*a = i - 35, 20 = -a + i + i. Let g = a - v. List the prime factors of g.
2, 3
Let q be 1 - (2 + -2)/(-2). Suppose -b + q = -3. What are the prime factors of (10/(-3))/(b/(-6))?
5
Let v = 12 + -6. Let u = 6 - v. Suppose -3*o + 26 - 2 = u. What are the prime factors of o?
2
Let b = -100 - -145. What are the prime factors of b?
3, 5
Let j = -128 - -273. What are the prime factors of j?
5, 29
Let j(n) = -2*n**2 + 3*n. Let l be j(3). Let g(z) = -z**3 - 9*z**2 - 2*z - 2. List the prime factors of g(l).
2
Let u = 16 + -10. Suppose x - u = -c, -3*c + 2*c = -5. What are the prime factors of (-2)/x - (-13)/1?
11
Suppose 4*h = -h + 20. List the prime factors of 1/((-2 + h)/14).
7
Let n(t) = 5*t - 4. Suppose -2*g = -3*g + 6. Suppose -3*m = g - 15. What are the prime facto